{"id":10,"date":"2018-06-13T20:43:49","date_gmt":"2018-06-13T20:43:49","guid":{"rendered":"http:\/\/ivt-esslingen.de\/?page_id=10"},"modified":"2018-06-17T02:28:11","modified_gmt":"2018-06-17T02:28:11","slug":"home","status":"publish","type":"page","link":"https:\/\/ivt-esslingen.de\/","title":{"rendered":"HOME"},"content":{"rendered":"<p>&nbsp; &nbsp; Das Institut f\u00fcr Ionenstrahl &#8211; und Vakuumverfahrenstechnik in Esslingen ist als unabh\u00e4ngiges und gemeinn\u00fctziges Institut auf den Gebieten der D\u00fcnnschichttechnologie t\u00e4tig.\u00a0Die Schwerpunkte seiner T\u00e4tigkeit liegen in dem Aufbau von Ionenstrahlbehandlu <a href=\"https:\/\/ivt-esslingen.de\/\" title=\"Read more on HOME\" class=\"more-link\">read more<\/a><\/p>\n","protected":false},"excerpt":{"rendered":"<p>&nbsp; &nbsp; Das Institut f\u00fcr Ionenstrahl &#8211; und Vakuumverfahrenstechnik in Esslingen ist als unabh\u00e4ngiges und gemeinn\u00fctziges Institut auf den Gebieten der D\u00fcnnschichttechnologie t\u00e4tig.\u00a0Die Schwerpunkte seiner T\u00e4tigkeit liegen in dem Aufbau von Ionenstrahlbehandlu read more<\/p>\n","protected":false},"author":1,"featured_media":0,"parent":0,"menu_order":0,"comment_status":"closed","ping_status":"closed","template":"","meta":{"footnotes":""},"class_list":["post-10","page","type-page","status-publish","hentry","no-thumb"],"_links":{"self":[{"href":"https:\/\/ivt-esslingen.de\/index.php?rest_route=\/wp\/v2\/pages\/10","targetHints":{"allow":["GET"]}}],"collection":[{"href":"https:\/\/ivt-esslingen.de\/index.php?rest_route=\/wp\/v2\/pages"}],"about":[{"href":"https:\/\/ivt-esslingen.de\/index.php?rest_route=\/wp\/v2\/types\/page"}],"author":[{"embeddable":true,"href":"https:\/\/ivt-esslingen.de\/index.php?rest_route=\/wp\/v2\/users\/1"}],"replies":[{"embeddable":true,"href":"https:\/\/ivt-esslingen.de\/index.php?rest_route=%2Fwp%2Fv2%2Fcomments&post=10"}],"version-history":[{"count":23,"href":"https:\/\/ivt-esslingen.de\/index.php?rest_route=\/wp\/v2\/pages\/10\/revisions"}],"predecessor-version":[{"id":433,"href":"https:\/\/ivt-esslingen.de\/index.php?rest_route=\/wp\/v2\/pages\/10\/revisions\/433"}],"wp:attachment":[{"href":"https:\/\/ivt-esslingen.de\/index.php?rest_route=%2Fwp%2Fv2%2Fmedia&parent=10"}],"curies":[{"name":"wp","href":"https:\/\/api.w.org\/{rel}","templated":true}]}}